(-24) + (-1177)/(-132). Calculate the highest common factor of 29691 and g.
9
Let g = 15702 + -14594. Calculate the highest common factor of 8587 and g.
277
Suppose -3*k = -5*t - 79167, 0 = -3*k - 2*t - 550 + 79738. What is the highest common factor of k and 318?
318
Suppose -24*q = -0*q - 38523 + 8163. What is the highest common factor of 299 and q?
23
Suppose 3*o = -7*o + 20. Suppose 79 = o*x + 4*c + 29, 75 = 3*x - c. Let y be 3/7 + 5/35*347. Calculate the greatest common divisor of y and x.
25
Let g be (-8127)/(-15) + (-24)/(-120). Suppose -g - 250 = -6*v. What is the highest common divisor of v and 462?
66
Let x = 406 + -400. Suppose -2*a = n - 22, -7*n + x*n + 5*a - 6 = 0. Suppose 0 = 2*h, 0*v - v + 5*h + 154 = 0. What is the highest common divisor of v and n?
14
Suppose 7*f - 1692 = 62*f - 31997. What is the highest common divisor of 38 and f?
19
Suppose -936 = -3*v + 2*p, -39*v + 34*v - 3*p + 1560 = 0. Calculate the highest common factor of 56 and v.
8
Let u be (25/(-10) + 6)*(-8)/(-14). Let m be (u/(-3))/(69/18 + -4). What is the highest common factor of m and 16?
4
Suppose -49*f - 34*f - 2296 + 12422 = 0. Calculate the greatest common factor of f and 38674.
122
Suppose -4*k - 693 = -25*k. Suppose -25*c + 198 = -16*c. What is the highest common factor of k and c?
11
Let w(y) be the third derivative of 0*y + 16 - 2*y**2 + 2*y**3 - 1/8*y**4. Let p be w(0). What is the greatest common divisor of p and 24?
12
Suppose 0*t = 4*t + 4*w + 28, 0 = t + 2*w + 10. Let x(d) = 23*d + 51. Let g be x(t). Let r = g - -56. Calculate the highest common factor of 60 and r.
15
Suppose 7*a + 132 = 8*a. Let d be 99/6*280/105. Calculate the highest common divisor of a and d.
44
Let w = -25 + 39. Let j = 45 + w. Let u = j - 57. Calculate the greatest common divisor of 22 and u.
2
Let k(l) = -49*l + 3. Suppose -2*f = 3*d - 1, -d + 0 = -3*f + 7. Let s be k(d). Let x = 85 - s. What is the highest common factor of 297 and x?
33
Let t = -63 + -46. Let g = 189 + t. Let f = -40 - -60. What is the greatest common factor of g and f?
20
Suppose -16*m + 21*m = -45. Let h = -7 - m. Let x = h + 13. Calculate the highest common divisor of 15 and x.
15
Let x be 9/21 + (-344)/(-14). Let q(f) = 12*f**2 - 10*f - 13. Let h be q(-3). What is the greatest common factor of x and h?
25
Suppose 156 = -7*q + 674. Suppose 6048 = 5*r + 1978. What is the highest common divisor of r and q?
74
Suppose 3*j + z - 398 = 0, -38 = -5*j - z + 626. Suppose 0 = -5*c - 70 + 260. What is the greatest common divisor of c and j?
19
Suppose 0 = -6*g + 17*g - 165. Let t be 1220/g + 4 + (-20)/6. What is the greatest common divisor of 287 and t?
41
Let k = -86581 + 86588. Suppose -2*f + 0*q + 436 = -4*q, 0 = 4*f - 2*q - 890. What is the highest common factor of f and k?
7
Let d(v) = 197*v + 211. Let f be d(-1). What is the greatest common divisor of f and 5257?
7
Let i(q) = -q**2 - 9*q - 6. Let a be i(-7). Let x(k) = k**2 - 8*k + 5. Let l be x(a). Let n = -5 + 40. What is the greatest common factor of l and n?
5
Suppose 17 - 65 = 5*q - 3*h, -4*q = 3*h + 60. Let f = q + 15. Suppose 15 - 6 = f*a, 5*u + 2*a = 266. What is the greatest common factor of 4 and u?
4
Let t(u) = 1298*u - 59. Let n be t(2). What is the greatest common divisor of 59 and n?
59
Let i = -47 + 52. Suppose -2*f - 4 = 0, i*v - 5*f - 3562 = v. Suppose 5*o + 880 = 5*a, 0*a - 5*a + 3*o = -v. Calculate the greatest common factor of a and 36.
36
Let v(f) be the first derivative of -7*f**2/2 + 84*f + 28. Let s be v(6). What is the greatest common factor of s and 336?
42
Suppose 2*l = f + 154, -32*l + 205 = -29*l + 5*f. Let x = 88 + -63. What is the greatest common divisor of l and x?
25
Let r be (-135)/90*140/(-21). What is the highest common divisor of r and 1945?
5
Suppose -5*a + 3*k + 134 = 0, 3*k - 6*k + 146 = 5*a. Suppose -3*n + 53 = 38, -w - 5*n + a = 0. Calculate the greatest common factor of w and 9.
3
Let q be (5 + (0 - 1))*(0 + 1). Let f be 271*4*(13/q + -3). Suppose -7*b + f = -9. What is the highest common divisor of 20 and b?
20
Suppose 6*f = -4*s + 2*f + 100, 77 = 3*s + 5*f. Suppose -45*o - 41*o = -59*o - 1458. Calculate the highest common factor of o and s.
6
Let t be (-456)/(-10)*2170/28. Calculate the highest common divisor of t and 279.
93
Suppose 0 = -15*k + 11*k + 132. Let q be (6 - 2 - -6)*13/2. Let b = q + -62. What is the highest common divisor of k and b?
3
Suppose 4*r - 119612 = -7*d, 71*r - 69*r = 3*d - 51266. Calculate the greatest common divisor of d and 48.
48
Let u be 550/(-825)*3/(-2). Suppose 4*m - 36 - 36 = 0. Calculate the greatest common divisor of m and u.
1
Let x(j) = -j**3 + 5*j**2 - 4. Let s be x(4). Let p be (-6)/21 + 1136/7. Let u be p/4*(-152)/(-57). What is the highest common divisor of s and u?
12
Suppose l - 5*w - 57 + 37 = 0, 4*l = -5*w + 5. Suppose -2*k = 2*g - 0*k - 8, -g - 2*k + 6 = 0. Suppose g + 3 = a. What is the highest common divisor of a and l?
5
Let q be 10/30 + (-58)/(-6). Suppose 4*i = 42 - q. Suppose 5*y - 126 = -2*x, -5*y - x + 123 = -0*x. What is the highest common factor of i and y?
8
Suppose -19*k = -24*k + 370. Let j be (17/(-34))/((-1)/k). What is the greatest common factor of j and 407?
37
Suppose -26*q + 5595 - 551 = 0. What is the highest common factor of q and 6111?
97
Let h = -13891 + 22887. What is the highest common factor of h and 104?
52
Suppose 0*n + n + 30 = 3*r, n - 4*r = -32. Let m be (5/3 - 1)/((-4)/n). What is the highest common divisor of 32 and m?
4
Let v be -21 + 5032/238 + (-50574)/(-7). Calculate the greatest common divisor of 867 and v.
289
Let r be 8/3*(3 + 348/(-8)). Let v = r + 115. What is the greatest common divisor of v and 119?
7
Let u be (15/2 - 12/(-8))/1. Suppose -3*i = -4*i + 4, 5*d = i - u. Let a = 42 + d. What is the greatest common factor of 205 and a?
41
Suppose 2*u - 11 = -5*w + 3, 0 = -3*u + 3*w. Let m be 293/5 + (-2)/(-5). Suppose -m*z = -51*z - 40. What is the greatest common divisor of u and z?
1
Let c be 4/(-14) - 108/14. Let a(j) = -j**2 - 11*j + 8. Let r be a(c). Let h be (2/(-4))/((136/r)/(-17)). What is the greatest common factor of h and 6?
2
Let p be ((-1)/3)/(1/(-81)). Let v(q) = -2*q + 6*q + p + 26. Let g be v(-12). What is the greatest common divisor of 55 and g?
5
Suppose 3*g + 68 = -7. Suppose 0 = -4*d - 4*l + 220, -5*d - 2*l + 263 = -3*l. Let k = g + d. Calculate the greatest common factor of 28 and k.
28
Let z = -54 + 111. Suppose -5*o + 395 = 5*m, -5*o + 3*o = -m - 149. What is the highest common divisor of z and o?
19
Let k be (-17 + (4 - 2))/(-1). Let s be (8 + (-16)/2)*2/(-6). Suppose 26*i - 1342 - 1778 = s. What is the highest common divisor of k and i?
15
Let s be (-2824)/(-6) + 10/(-15). Let g = s + -260. Let m = 40 - -2. Calculate the greatest common divisor of g and m.
42
Suppose -15 = 3*v, 6*v + 917 = 3*g + 5*v. What is the greatest common factor of g and 57?
19
Suppose -210 = -3*k + i, -149*i + 152*i - 18 = 0. Calculate the greatest common divisor of 1854 and k.
18
Let m be (4 + 0)*-1 + 46. Suppose -4*y + 250 - m = 0. What is the greatest common factor of y and 8?
4
Let j(n) = 6*n**2 - 5*n + 11. Let l be j(-7). Let h = l + -115. Calculate the greatest common factor of 90 and h.
45
Suppose 5*p - 6*p - 3*k = -36, -111 = -4*p - k. Let x = 163 - p. Let t(o) = 3*o - 7. Let h be t(8). What is the highest common divisor of x and h?
17
Suppose 18*b = 13*b - 3*y + 224024, -2*b + 89640 = 5*y. Calculate the greatest common divisor of 175 and b.
175
Let b(g) be the first derivative of -g**4/4 + 8*g**3/3 + 2*g**2 + g - 21. Let m be b(8). Let k = 40 - m. Calculate the greatest common factor of k and 63.
7
Let k(m) = 12*m - 119. Let l be k(37). Let w be ((-26)/(-8) - (5 + -5))*4. What is the highest common factor of l and w?
13
Let j(c) = -3*c + 7. Let z be j(-2). Suppose 181 = 7*y + z. Suppose 3*f - 5*p = f + 269, p + 1 = 0. Calculate the highest common factor of f and y.
12
Suppose -898*i - 5259 = -51057. Suppose 0 = 2*o - 12 - 0. What is the highest common divisor of o and i?
3
Suppose 15*g - 1336 = 3284. Calculate the highest common factor of g and 396.
44
Let h be 1354/10 - 10/25. Let n(c) = -47*c**2 - 342*c - 81. Let p be n(-7). What is the highest common factor of h and p?
5
Suppose -16*p + 9*p = -441. Let k = p - 51. 